
Is 22889799971 composite?
True
Is 138431009669 a composite number?
False
Is 1071851587 prime?
False
Is 15303812246 a prime number?
False
Is 30839101 prime?
False
Is 2327736109 composite?
False
Is 2056096873 prime?
True
Is 468372511 a composite number?
False
Is 4729354673 a composite number?
False
Is 169155900143 a prime number?
False
Is 17729545739 a composite number?
False
Is 2536705997 a composite number?
True
Is 5762630129 composite?
False
Is 342609887 a composite number?
False
Is 256176231455 composite?
True
Is 11113198559 prime?
True
Is 6169034329 a prime number?
False
Is 102146353 prime?
False
Is 4158066257 a composite number?
True
Is 7155868417 prime?
True
Is 14384875007 a composite number?
False
Is 2149344955 composite?
True
Is 45746447 a prime number?
False
Is 892770858491 a composite number?
False
Is 271316377 a composite number?
False
Is 5604602741 a prime number?
False
Is 2966946299 prime?
False
Is 295359917 composite?
True
Is 576917791 prime?
True
Is 306863075191 a prime number?
True
Is 488306407 a prime number?
True
Is 47854761671 a composite number?
True
Is 1551487871 a composite number?
False
Is 7895878349 a composite number?
False
Is 392040491 a prime number?
False
Is 558810709 a composite number?
True
Is 4624689601 a composite number?
True
Is 68239995097 a prime number?
True
Is 64528078969 a prime number?
False
Is 334150907 a prime number?
True
Is 36570666941 composite?
False
Is 7884649477 a prime number?
False
Is 1111414723 a composite number?
True
Is 6008462233 a prime number?
False
Is 547525289 prime?
False
Is 12963778207 a composite number?
True
Is 9365392921 prime?
False
Is 697974313 composite?
True
Is 4540962743 composite?
True
Is 3686787281 composite?
True
Is 22697785541 composite?
False
Is 65365949879 prime?
False
Is 17159328019 a prime number?
True
Is 3485272963 a composite number?
False
Is 1266377174 prime?
False
Is 1575278443 composite?
False
Is 1019372873 a prime number?
False
Is 930314251 a prime number?
True
Is 17062216321 prime?
False
Is 2125033301 composite?
False
Is 92228359 prime?
True
Is 2526554461 a composite number?
False
Is 200259517 prime?
False
Is 38329557521 a composite number?
True
Is 14333769563 a prime number?
True
Is 124868593 prime?
False
Is 9304102217 prime?
True
Is 2504905313 a composite number?
False
Is 120846076459 prime?
True
Is 24927469579 a prime number?
False
Is 38768606407 a composite number?
False
Is 17141146361 a prime number?
False
Is 2578721995 prime?
False
Is 962376769 a composite number?
False
Is 2107426829 prime?
True
Is 106076545 a composite number?
True
Is 212202689 composite?
True
Is 11146067729 composite?
False
Is 3075243 a prime number?
False
Is 932066903 a prime number?
False
Is 1454440739 prime?
False
Is 36975226609 prime?
False
Is 92232715231 a prime number?
True
Is 22867234829 prime?
False
Is 3626986171 a prime number?
False
Is 4609030483 a composite number?
True
Is 14753181053 composite?
True
Is 6387315901 a composite number?
True
Is 84561886079 a prime number?
False
Is 176971463 composite?
True
Is 898369117 a prime number?
True
Is 96377405455 a prime number?
False
Is 20482005619 composite?
False
Is 655536979 composite?
False
Is 252237193 a composite number?
True
Is 864013427 composite?
True
Is 1116462569 a prime number?
True
Is 3611172581 composite?
False
Is 22859834201 prime?
True
Is 70275965839 composite?
True
Is 220541647 a composite number?
False
Is 3380624231 composite?
False
Is 30108847319 a prime number?
True
Is 8718826463 a composite number?
False
Is 1504629853 prime?
True
Is 5689727431 prime?
False
Is 661814093 a composite number?
True
Is 384615397 a prime number?
True
Is 2111603663 prime?
False
Is 1075568647 prime?
False
Is 1143850189 a prime number?
False
Is 2091806149 a prime number?
True
Is 24552634163 prime?
True
Is 2433588523 a prime number?
False
Is 3234760471 prime?
True
Is 2195450279 composite?
True
Is 13324119457 prime?
False
Is 18338002667 prime?
True
Is 3926147611 composite?
False
Is 283292431 a composite number?
False
Is 4486267943 a prime number?
False
Is 566384327 a composite number?
False
Is 23276099999 composite?
False
Is 19442899801 composite?
True
Is 30630094111 a composite number?
False
Is 3836049883 a prime number?
False
Is 8950774627 prime?
True
Is 1253207503 prime?
False
Is 489294503 a prime number?
False
Is 14511475579 a composite number?
True
Is 1162572737 a composite number?
False
Is 55670680339 a composite number?
False
Is 972131231 a prime number?
True
Is 13628636869 a prime number?
False
Is 42996173889 composite?
True
Is 239728519 a composite number?
False
Is 622926439 prime?
True
Is 2112708479 composite?
True
Is 348780259 a prime number?
True
Is 606403607 a composite number?
False
Is 44985749533 a prime number?
False
Is 5005291909 composite?
False
Is 11886960581 composite?
False
Is 4382322961 a composite number?
True
Is 224689481 a composite number?
False
Is 764025259 prime?
True
Is 55405696589 a composite number?
True
Is 2142268741 a composite number?
True
Is 16863867991 a prime number?
True
Is 2067013571 composite?
True
Is 51207864319 prime?
False
Is 1074234659 prime?
True
Is 116514359 a composite number?
True
Is 1073681999 a composite number?
True
Is 8922811967 prime?
True
Is 16002032153 a prime number?
False
Is 25992115459 a composite number?
True
Is 3663311879 prime?
True
Is 2618406649 composite?
True
Is 21518648477 composite?
True
Is 56237089 prime?
False
Is 685184057 prime?
True
Is 779008669 a prime number?
True
Is 4178061689 prime?
True
Is 34533227243 composite?
True
Is 9814720469 a composite number?
False
Is 1796058503 composite?
False
Is 2734075477 composite?
True
Is 155120281823 a prime number?
False
Is 1101362777 composite?
False
Is 16571677739 a prime number?
True
Is 948413603 prime?
True
Is 172626497567 a composite number?
False
Is 165252873 prime?
False
Is 1424422577 a prime number?
False
Is 2670037759 a prime number?
True
Is 354507859 composite?
False
Is 6254990839 a composite number?
True
Is 10649542301 prime?
False
Is 524676121 prime?
True
Is 7967582947 prime?
True
Is 263180250877 a composite number?
True
Is 3589435529 a composite number?
False
Is 6365490359 a composite number?
False
Is 106845725417 composite?
True
Is 7133701441 a composite number?
True
Is 829525223 a composite number?
False
Is 1442834377 prime?
True
Is 333916181 a composite number?
False
Is 1042993241 a prime number?
True
Is 2933600281 a prime number?
True
Is 12230628613 composite?
True
Is 60202869449 prime?
False
Is 7641603317 composite?
True
Is 17949309173 composite?
False
Is 1545844141 a composite number?
False
Is 42105073513 composite?
False
Is 891349639 a composite number?
True
Is 22955101453 a composite number?
True
Is 2917214869 a composite number?
False
Is 2999790403 a composite number?
True
Is 21822825917 a prime number?
False
Is 1158491431 composite?
False
Is 1213054523 composite?
True
Is 5349888319 a prime number?
True
Is 817086251 a prime number?
False
Is 1799900693 composite?
False
Is 2184076243 prime?
True
Is 5564936921 prime?
True
Is 355271053 prime?
True
Is 10322772829 prime?
True
Is 589632559 a prime number?
True
Is 1916661623 a prime number?
True
Is 10906234177 composite?
False
Is 26224341047 a prime number?
True
Is 2485179397 a composite number?
True
Is 75444235651 prime?
False
Is 880528459 composite?
False
Is 6045396011 composite?
False
Is 49857661729 a prime number?
False
Is 5164883323 prime?
False
Is 3817576807 composite?
True
Is 1074455659 a composite number?
False
Is 123654696127 composite?
False
Is 1171612411 composite?
False
Is 37634781127 a prime number?
True
Is 986974231 a prime number?
False
Is 32135486927 a composite number?
False
Is 139414421 a prime number?
True
Is 5460307627 a composite number?
True
Is 213190567 a prime number?
True
Is 115941221489 prime?
True
Is 367115149 a composite number?
False
Is 6223486571 composite?
False
Is 19100761733 composite?
False
Is 2932278637 a prime number?
True
Is 156978408307 a prime number?
False
Is 1477683491 prime?
False
Is 1350926131 composite?
True
Is 5083087441 a composite number?
True
Is 7535600803 prime?
False
Is 446388379 a prime number?
True
Is 262774753 composite?
True
Is 18063121319 a composite number?
True
Is 98627857981 a composite number?
False
Is 1770668903 